hat is -4 - -3 - (-11 - -5)?
5
What is the value of 0 - (-2 + 6 + -3)?
-1
Calculate -4 + -2 + (-1 - -5) + -1.
-3
Evaluate 5 - 1 - (-1 - 0).
5
What is the value of (-92 - -89) + (0 - (0 - 0))?
-3
What is the value of 0 - 7 - (-4 + -1 + 5)?
-7
What is 1 + -2 - (4 - (10 - 3))?
2
What is the value of 2 + 0 + 2 + 2?
6
What is the value of 6 - 8 - (-5 + 0)?
3
-2 + (11 - 4) + -7
-2
What is the value of 4 - (6 + -2 + -4)?
4
What is the value of (-10 - (5 - 20)) + -8 + -2?
-5
Evaluate (-2 - (2 + -4) - 3) + 4.
1
Evaluate 5 - (0 + -5) - 12.
-2
What is 1 - (4 - (1 + -7) - 6)?
-3
13 + (-4 - 1) + -4
4
What is 186 + -185 - (1 - -11)?
-11
What is 1 + -8 + 4 - 2?
-5
What is the value of (-6 - (-2 - -2)) + (-17 - -19)?
-4
What is 0 + 0 - ((-3 - -6) + 1)?
-4
Evaluate (-2 + -2 - -6) + 0 + 0.
2
What is the value of -1 + (-2 + -3 + 3 - -8)?
5
What is 1 - (-25 + 28 + 1 + -6)?
3
What is the value of 4 - ((32 - 25) + 2 + 1)?
-6
3 - (8 + 6 + -9)
-2
Calculate -1 + 0 - (-2 + -3 + 1).
3
What is the value of -19 + (35 - 16) + (-1 - 2)?
-3
Evaluate (7 - 12) + (3 - (1 + -2)).
-1
Evaluate -2 + (-1 - 2) + 7 + 1.
3
Calculate 0 + (-4 - (-3 + 2)) + -2.
-5
What is the value of -115 + 122 - (0 + 15 + 1)?
-9
What is -7 + 13 - (-1 + -2 + 2)?
7
-1 + 0 + 4 + (24 - 27)
0
-3 - 1 - (-1 + 0 - 2)
-1
What is 0 + (1 - (3 + -2 - 0))?
0
What is -7 + (-7 - -13) + 7?
6
What is 2 + 1 + -2 + 4?
5
Calculate 5 + (-7 - 4) + 7.
1
-1 - (-3 + -1 - (-1 + 1))
3
What is the value of 3 + (-1 - -1) + 0 + 0?
3
Calculate -25 + 33 + (1 - 3) - 6.
0
What is 23 + -25 + 0 + -1?
-3
What is 3 + 4 + -1 + -4 + 2?
4
What is the value of 15 + -14 + 2 + 2 - 8?
-3
(-5 - (-4 - -4)) + 5 - 2
-2
Calculate -18 - (-18 - 0 - -9).
-9
What is -6 - -6 - -4 - (-2 - -6)?
0
(12 + 0 - 24) + 2
-10
What is (8 - 7) + (5 - 12)?
-6
Calculate 1 - (2 + 6 + -2).
-5
What is (1 - (1 + -4) - 1) + -5?
-2
What is the value of -5 + -2 + 1 + 7?
1
Calculate 7 + (-12 - (6 - 12)) - 0.
1
What is the value of -4 - (-2 - (4 + 1))?
3
0 + -2 - (0 + 3 + -2)
-3
-105 - -107 - (0 + 0)
2
What is 0 - (7 - (-4 - -10))?
-1
(2 - 1) + -6 - -11
6
What is the value of 28 + -24 + 1 + (0 - 0)?
5
-3 + 3 + 0 - 2
-2
What is (-1 + 0 + 1 - 0) + -4?
-4
11 + 1 - (142 - 138)
8
Evaluate (2 - 5) + -7 + 5.
-5
What is 7 + -13 + -2 + 6?
-2
Calculate 2 + (-2 + 1 - 1) + 2.
2
-3 + 3 + 0 + -5
-5
What is the value of -2 + (0 + 5 - 1)?
2
-19 - (-1 - (2 + 4)) - -3
-9
1 - -2 - (3 + 7 - 1)
-6
What is the value of (-2 - 1) + -8 + 7 + 2?
-2
What is the value of -3 + -1 + 1 - (1 + -4)?
0
What is 0 + -6 + 3 + 1?
-2
What is 3 + (2 - -3) + -13?
-5
Evaluate -3 + (2 - -6 - 2).
3
Calculate (-1 - -2) + 1 - -3.
5
What is the value of -2 + (2 - (3 - 2))?
-1
(1 - -3) + -3 + -2 + 6
5
2 + 2 + 16 + -19 - 1
0
-1 - 0 - (-7 + 2)
4
What is the value of -2 + 1 + 4 - (8 + -8)?
3
Calculate -1 + -8 + 9 + 0.
0
Calculate 3 + (3 - (-5 + 15)) + 2.
-2
What is the value of ((1 - -1) + 9 - 5) + -14?
-8
7 + -4 + (-3 - -1)
1
Calculate 3 - (-1 + 6) - 1.
-3
What is -9 + (8 - 7 - -4) - 3?
-7
What is 52 + -53 + (1 - (1 + -2))?
1
What is 3 + 1 + 2 - (-1 + 5)?
2
What is 1 - (-3 + (-5 - -6)) - 0?
3
-4 + 17 + (-2 - 5)
6
Evaluate 3 + -8 - (-21 - -25).
-9
What is -1 + (4 - -1) - (-27 + 27)?
4
What is 0 + -1 + (0 - 4 - -5)?
0
Evaluate -2 - -18 - (11 + -4).
9
Evaluate -2 + -1 + 3 + 1 - -2.
3
Evaluate -2 - (3 + -3) - (-6 + 1).
3
Calculate -35 + 39 + 3 + 1 + -2.
6
Calculate -33 + 25 - (0 + -1 + -2).
-5
Calculate 2 - (-3 - -7) - 1.
-3
Evaluate -1 + 2 + (0 - -3 - -1).
5
What is -3 + -1 + 8 - -1?
5
0 + -3 + (-4 - -14)
7
What is -95 + 89 + (0 - (-1 + 0))?
-5
Calculate -3 + 10 + -12 + 7.
2
Evaluate (7 - -1) + (2 - 6 - -1).
5
Calculate -2 + -5 + 4 + -2.
-5
What is the value of 13 + -23 + 12 - 2?
0
What is 13 - (3 + -3 + 5)?
8
What is -14 - -28 - 11 - (6 + 1)?
-4
Evaluate (-2 - 8) + (-16 - -32).
6
What is 6 + 3 + 1 + -13?
-3
0 - (1 - 8 - (66 - 77))
-4
What is -1 - (-2 - -1) - (364 + -364)?
0
2 - (3 - (4 + 0)) - -1
4
Evaluate -5 + -1 + 22 + -8 + -12.
-4
Evaluate 2 - 7 - (18 + -24).
1
Calculate 5 - (-6 + (-6 - -10)).
7
Evaluate 29 + -30 - (-4 + -1).
4
11 + -6 + -5 - (-8 - -3)
5
1 + -2 + 2 + 1 - 0
2
What is (3 - (-1 - 3) - 3) + -2?
2
What is the value of -21 + 19 + -7 + 6?
-3
-7 - -4 - (2 - 5)
0
What is (2 - 0) + -5 - (2 + 0)?
-5
What is -3 - (7 + -11 - -7 - -4)?
-10
Calculate -1 - (3 - (-1 + 7)) - -2.
4
Calculate 0 + -4 + 2 + 3 + 2.
3
Calculate 0 + 0 + (1 + 2 - 0).
3
2 + -3 + 0 - (151 - 148)
-4
Evaluate (-4 - -4) + 2 + 5.
7
What is the value of -12 + (-3 - 0 - -10)?
-5
12 + (-2 - (3 - -4))
3
What is the value of (-5 - -6) + -2 + -2?
-3
What is the value of 2 + -7 + (-2 - -2 - -2)?
-3
Calculate 1 + (5 - 4) + -4 + 0.
-2
What is the value of (1 + -2 - -5) + 3 + -2?
5
What is the value of (-6 - -8) + -1 - (0 + 4)?
-3
(-3 - 0) + 6 + (2 - 7)
-2
-2 - (8 - 2) - -4
-4
Calculate (0 - 6) + 14 - 5.
3
0 - (-8 + -3) - 17
-6
(1 + -5 - -3) + 2
1
8 - 4 - 1 - 3
0
What is (5 - 2) + -1 + -1 + 2?
3
What is the value of -6 + (-6 - -20) - 8?
0
What is 0 - 1 - (3 + 3 - 9)?
2
Calculate 2 + 5 + -12 + 6.
1
Calculate 2 - (-3 - (3 - 9)).
-1
1 - (4 - -9) - 0 - -6
-6
Calculate 3 - (11 - (9 + -1)).
0
Calculate (9 + -13 - (0 - 1)) + -1.
-4
What is the value of -13 + 14 + (-8 - -2)?
-5
What is the value of 7 + 0 - 7 - -5?
5
What is -2 - (13 - 14 - (3 - 0))?
2
What is 4 - 2 - (11 - 3)?
-6
What is 16 - 14 - (-3 - -2)?
3
What is the value of -12 + 1 - -6 - (-6 - 2)?
3
Calculate -14 - 1 - -4 - -5.
-6
What is the value of 1 - ((-1 - (-4 + 2)) + -2)?
2
Evaluate -2 + (-5 - -3) + 3.
-1
What is 6 - (-5 + 9) - 3?
-1
2 + -1 + (-28 - -29)
2
What is the value of -4 + 10 + 7 + 3 + -12?
4
Calculate 2 + -1 + (10 - 19).
-8
6 + (16 - 8) + -11
3
Evaluate 5 + (-1 + -2 - 1).
1
Evaluate -10 + 16 - 8 - -6.
4
Evaluate -5 + (4 - 5) + (-1 - -3).
-4
What is (1 + 1 - 3 - -3) + 0?
2
Calculate (-4 - 2) + (-1 + 3 - 0).
-4
Evaluate 2 + (1 - 1) + -1 + 0.
1
Calculate 7 - (15 + 4 + -13).
1
Calculate (-2 - -3) + -4 - (-11 + 1).
7
Calculate 0 + -4 - (7 + -10).
-1
What is 4 - (-4 - (-9 + 2))?
1
Calculate (5 - 0) + -5 + 0.
0
Evaluate -9 + (6 - (6 - 7)).
-2
What is -5 + -8 - (-9 + 1)?
-5
-2 - (-4 - -7) - -10
5
22 + -1 + (-8 - -2) + -7
8
-9 - (-14 + 1) - 8
-4
What is (-4 - (4 + -10)) + (0 - -3)?
5
What is the value of 10 + -7 - ((0 - 0) + 1)?
2
-1 + 5 + (1 - (11 + -5))
-1
Evaluate (-2 - -2) + (7 - 16) + 4.
-5
Calculate (-1 - -3) + (3 + -5 - 4).
-4
Evaluate 18 + -21 + -1 + 9.
5
Evaluate (4 - 5 - -3 - 3) + -2.
-3
What is the value of 3 - -1 - (-2 + 4 + -2)?
4
Calculate 1 - 0 - 0 - 1.
0
What is (0 - 1) + 3 + -1 + 2?
3
Calculate (1 - (-2 + 5)) + -1 + 2.
-1
What is the value of -6 - (-8 + 6 + -3)?
-1
What is (0 - (-4 + 0)) + 304 + -317?
-9
What is (-49 - -45 - (-6 - 0)) + -4?
-2
8 - (-8 + 2 - -8) - -2
8
What is the value of -6 + 4 + (-1 - (-2 + -1))?
0
-27 + 37 + 0 + -12
-2
Calculate 1 + -5 + 0 - -7.
3
What is -3 + -1 + 6 - 2?
0
1 - (5 - (0 - (0 + 0)))
-4
Calculate -27 + 28 + (2 - -3 - 0).
6
What is -19 + 21 + 1 + 2?
5
What is the value of 5 + -5 + (-2 - 3 - -9)?
4
What is the value of (-7 - -10) + -12 + 9?
0
Evaluate 7 - 9 - (-1 + -1).
0
What is -3 + -4 + -2 + 8 + -1?
-2
-8 + 2 + 1 + 1
-4
What is the value of (-70 - -67) + (-1 + 1 - -4)?
1
Evaluate 5 - -4 - (9 + 3).
-3
What is the value of 0 - (-3 + 2) - -6 - 2?
5
(-5 - (-7 - 3 - -4)) + -4
-3
-3 + -4 + 5 + (-3 - -4)
-1
What is the value of -7 + 0 + 3 + -1?
-5
Calculate -1 + 3 + -1 + 0 + 0.
1
What is 6 + -5 - 1 - 5?
-5
(14 - (26 + -14)) + (0 - 4)
-2
3 + -4 - (-13 - -13)
-1
(2 - 1) + -4 + 6
3
What is 2 + 8 + -2 + (0 - 3)?
5
Calculate -64 + 64 - (2 + -1).
-1
What is -3 - (-4 + (-3 - (1 - 5)))?
0
What is -4 - (1 + 0 + -4 - -4)?
-5
What is 13 - 1 - (12 - 8)?
8
What is 2 - ((8 - -7) + -9)?
-4
(4 - 0) + (-9 - -4)
-1
Calculate (4 - (4 + 5)) + 4.
-1
Calculate 8 - (1 - (0 - 1) - -1).
5
Calculate -10 + (1 - -10 - 4).
-3
What is -1 + -8 + (-2 + 7 - 1)?
-5
What is (-6 - 2) + 5 + (6 - 0)?
3
What is -3 + -2 - (-26 + 21)?
0
Calculate 2 + 5 + -6 + -2.
-1
Calculate 2 - (4 + 2 + -6).
2
Evaluate -7 + 4 + 4 + -7.
-6
Calculate 5 - (12 + -6 + 1).
-2
What is the value of -3 + (-7 + 4 - -7) - -2?
3
What is the value of (7 - 2) + (4 - (9 + -1))?
1
Evaluate 1 - (1 + 4 + -7).
3
What is the value of -9 + 4 - (-1 - 4)?
0
What is 0 + (-1 - (0 + -2))?
1
What is the value of (-5 - -2) + -9 + 0 + 7?
-5
Wha